{"id":25,"date":"2019-01-07T10:08:00","date_gmt":"2019-01-07T10:08:00","guid":{"rendered":"http:\/\/energibevakning.com\/?page_id=25"},"modified":"2026-03-12T11:32:47","modified_gmt":"2026-03-12T11:32:47","slug":"om-oss","status":"publish","type":"page","link":"https:\/\/energibevakning.com\/index.php\/om-oss\/","title":{"rendered":"Om oss"},"content":{"rendered":"\n<p>Om Energibevakning<\/p>\n\n\n\n<p>Energibevakning startade 1982 av Carl Marin, d\u00e5 med den huvudsakliga inriktningen som energikonsult,&nbsp;i k\u00f6lvattnet efter energikrisen p\u00e5 70-talet. D\u00e4rav namnet Energibevakning. Verksamheten utvecklades dock snabbt mot att hantera alla tekniska fr\u00e5gor som uppstod i fastigheterna och den huvudsakliga inriktningen blev d\u00e5 fastighetssk\u00f6tsel. Sedan&nbsp;11 \u00e5r tillbaka har den dagliga driften utf\u00f6rts av Conny och Fredrik Marin, som sedan juni 2016 helt tagit \u00f6ver \u00e4gandet och driften.<\/p>\n\n\n\n<p>Sedan&nbsp;1982 har det h\u00e4nt mycket, idag tar\nEnergibevakning hand om den l\u00f6pande tekniska f\u00f6rvaltningen och handl\u00e4gger eller\nutf\u00f6r alla de problem och uppdrag som kan uppst\u00e5 inom en fastighet. I de fall\nd\u00e5 vi inte kan utf\u00f6ra specialuppdrag med egen personal, utser vi l\u00e4mpliga\nunderentrepren\u00f6rer i samr\u00e5d med uppdragsgivaren. Vi bes\u00f6ker fastigheten\nrutinm\u00e4ssigt, s\u00e5 kallad allm\u00e4n tillsyn. Den allm\u00e4nna&nbsp;tillsynen utf\u00f6rs av\nsamma person som \u00e4r ansvarig fastighetssk\u00f6tare p\u00e5 aktuell fastighet.<\/p>\n\n\n\n<p>Problem och fel i fastigheten uppt\u00e4cks framf\u00f6rallt av\nde personer som bor i huset och d\u00e4rf\u00f6r sk\u00f6ter vi \u00e4ven felanm\u00e4lan direkt fr\u00e5n\nhyresg\u00e4sten eller bostadsr\u00e4tts\u00e4garen. Vi tar emot felanm\u00e4lan via telefon dygnet\nrunt. Mellan 7.00-16.00 vardagar f\u00e5r man personlig service, av kunnig personal\nsom \u00e4r insatt i de flesta uppdrag som vi f\u00f6r tillf\u00e4llet har. Vid icke-akuta\n\u00e4renden finns en telefonsvarare, som avl\u00e4ses kontinuerligt, d\u00e4r meddelanden kan\nl\u00e4mnas, dessa tar vi sedan hand om&nbsp;senast efterf\u00f6ljande vardag. Uppst\u00e5r\nakuta \u00e4renden ringer man till jouren. Idag hanteras jouren snabbt och effektivt\ni samarbete med Dygnet Runt Service Fastighetsjour.<\/p>\n\n\n\n<p>V\u00e5ra medarbetare \u00e4r: \u00a0Conny Marin,\u00a0Fredrik Marin, Fredrik Vincenzo, Susanne J\u00f6nsson,\u00a0Mikael Svensson, Mattias T\u00e4rnblom, Konny Ferm, Timmy Myrin, Ola Lonard, Alexander Mauro, Mats Andersson och Robin Br\u00f6ms. Rickard Susi jobbar med vitvarorna.<\/p>\n","protected":false},"excerpt":{"rendered":"<p>Om Energibevakning Energibevakning startade 1982 av Carl Marin, d\u00e5 med den huvudsakliga inriktningen som energikonsult,&nbsp;i k\u00f6lvattnet efter energikrisen p\u00e5 70-talet. D\u00e4rav namnet Energibevakning. Verksamheten utvecklades dock snabbt mot att hantera alla tekniska fr\u00e5gor som uppstod i fastigheterna och den huvudsakliga inriktningen blev d\u00e5 fastighetssk\u00f6tsel. Sedan&nbsp;11 \u00e5r tillbaka har den dagliga driften utf\u00f6rts av Conny och [&hellip;]<\/p>\n","protected":false},"author":1,"featured_media":0,"parent":0,"menu_order":0,"comment_status":"open","ping_status":"open","template":"","meta":{"footnotes":""},"class_list":["post-25","page","type-page","status-publish","hentry"],"_links":{"self":[{"href":"https:\/\/energibevakning.com\/index.php\/wp-json\/wp\/v2\/pages\/25","targetHints":{"allow":["GET"]}}],"collection":[{"href":"https:\/\/energibevakning.com\/index.php\/wp-json\/wp\/v2\/pages"}],"about":[{"href":"https:\/\/energibevakning.com\/index.php\/wp-json\/wp\/v2\/types\/page"}],"author":[{"embeddable":true,"href":"https:\/\/energibevakning.com\/index.php\/wp-json\/wp\/v2\/users\/1"}],"replies":[{"embeddable":true,"href":"https:\/\/energibevakning.com\/index.php\/wp-json\/wp\/v2\/comments?post=25"}],"version-history":[{"count":55,"href":"https:\/\/energibevakning.com\/index.php\/wp-json\/wp\/v2\/pages\/25\/revisions"}],"predecessor-version":[{"id":466,"href":"https:\/\/energibevakning.com\/index.php\/wp-json\/wp\/v2\/pages\/25\/revisions\/466"}],"wp:attachment":[{"href":"https:\/\/energibevakning.com\/index.php\/wp-json\/wp\/v2\/media?parent=25"}],"curies":[{"name":"wp","href":"https:\/\/api.w.org\/{rel}","templated":true}]}}